40)/(-30). What is the greatest common factor of h and 200?
50
Suppose 2*v - 4*v = 3*q - 64, 3*q - v = 67. Suppose 0*w = -2*w - 2*s + 96, 164 = 4*w - 3*s. What is the highest common divisor of w and q?
22
Suppose 3*v = -j + 2*j - 89, 5*j - 3*v = 505. Let w be j/(-10)*100/(-8). Let n = 6 + 7. What is the greatest common factor of n and w?
13
Let j = -555 + 561. Suppose -492 = -0*t - 5*t - 3*g, -t + 84 = -3*g. Calculate the highest common factor of j and t.
6
Suppose 1558*w - 1564*w + 3870 = 0. What is the greatest common factor of 15 and w?
15
Let m(r) = 8*r + 26. Let s be m(3). Suppose -2*t + s = 16. Let l be (-7 + 1)*(-17)/3. What is the highest common divisor of t and l?
17
Suppose 5*d - d - 16 = 0. Let v be 14/d + 5/10. Suppose 1 - v = -k. What is the greatest common divisor of 1 and k?
1
Suppose 341 - 929 = -i + 4*j, 4*j = 3*i - 1772. What is the greatest common factor of i and 222?
74
Suppose -2*d + 3*b + 35 = 0, 0*d - 3*d = -5*b - 54. Calculate the highest common divisor of d and 338.
13
Let b(l) be the third derivative of l**4/24 + l**3/2 - 10*l**2. Let c be b(0). Calculate the greatest common factor of c and 21.
3
Let w(y) be the first derivative of 5*y + 2 + 1/2*y**2. Let q be w(11). What is the greatest common factor of 48 and q?
16
Let k be ((-50)/(-2))/5 + 19. Calculate the highest common factor of 66 and k.
6
Suppose -2*d + 4*a - 564 = -6*d, 0 = -5*a + 25. Calculate the greatest common divisor of d and 34.
34
Let s be (-25)/5 + 5 - 8/(-2). What is the highest common divisor of s and 18?
2
Let g = -231 - -240. Calculate the highest common factor of 99 and g.
9
Suppose -88*r + 1888 = -29*r. Calculate the highest common divisor of r and 32.
32
Let q be -6 - 8/(72/(-8163)). Calculate the highest common factor of q and 265.
53
Let x = -77 + 91. What is the greatest common divisor of 63 and x?
7
Let u be ((-3)/(-6))/(2/8). Suppose f + 3*o - 13 = 0, -3*f - 9 = -4*f - 2*o. Let t be f + (4 - (-65)/5). Calculate the highest common factor of u and t.
2
Let l(g) = -2*g**3 - 14*g**2 - 17*g - 24. Let b be l(-6). What is the greatest common divisor of b and 2?
2
Suppose -3 = -2*y + y. Suppose 4*c - 77 = 3*u, 0 = -5*c - y*u + 7*u + 95. Let w = 135 - c. What is the greatest common divisor of w and 14?
14
Suppose -9439 = 19*j - 28078. What is the greatest common divisor of 9 and j?
9
Suppose -8*n = -13*n. Suppose -m + 3*v - 3 = n, -3*m + 0 + 4 = 4*v. Suppose m*b = 5*b - 155. What is the greatest common divisor of 248 and b?
31
Suppose 4*x = 6*x - 36. Let o = 54 - 45. What is the highest common divisor of o and x?
9
Suppose 0*n + n - 11 = 0. Let d(g) = g**2 - 4. Let f be d(-4). Let m be (-21)/(-18) + (-2)/f. What is the greatest common factor of n and m?
1
Let m(i) = -12*i + 256. Let o be m(-7). What is the highest common factor of 51 and o?
17
Suppose -2*j = -i + 719, -4*j = 5*i + 1172 + 287. Let r be (1/1)/((-19)/j). Calculate the greatest common divisor of r and 76.
19
Let b = -68 + 143. Let u be b/7 - (-20)/70. What is the highest common factor of u and 66?
11
Suppose 2*z + 36 = 168. Suppose -2*t + 6*t + r = 27, 6 = 3*t - 4*r. Calculate the greatest common factor of t and z.
6
Let f = -13 + 24. Let t be (8/(-36))/(6/(-27)). What is the highest common factor of f and t?
1
Suppose 3*x = 61 + 239. Calculate the highest common factor of 25 and x.
25
Let m = -172 - -274. Suppose 4*s - 3*v = 142, 5*s - 2*s - 4*v - 110 = 0. What is the highest common divisor of s and m?
34
Let i be ((-6)/8)/(7/(-28)). Suppose -2*o + i*f + 9 = 2*o, 5*o + 6 = -2*f. Suppose o*d + d = 11. Calculate the highest common divisor of 11 and d.
11
Let q(x) = -x + 9. Let b(r) = -5. Let p(n) = -10*b(n) - 6*q(n). Let m be p(2). Calculate the greatest common factor of m and 20.
4
Suppose 0 = 5*s + 15, -4*s - 17 = q - 0*q. Suppose 2*p = -5*w - 65, 5*p - 4*p + 25 = 5*w. Let v = q - p. What is the greatest common divisor of 50 and v?
25
Let y be (-1506)/(0 + 9/(-6)). Suppose -3*o + 0*o + g + y = 0, 2*o + 4*g - 688 = 0. Suppose 3*u + u = o. What is the highest common divisor of u and 12?
12
Let q be -2 + 2 + 12/2. Let a(m) = m**2 + 9*m - 10. Let n be a(-14). Suppose 12*o + n = 16*o. What is the highest common factor of o and q?
3
Suppose 0 = k + 3*u - 4, 2*u + 0 - 6 = k. Let c be k/11 + (-52)/(-44). Suppose -9 = -3*w, -4*h - 1 + 4 = -3*w. Calculate the greatest common factor of h and c.
1
Suppose 1656 = -8*d + 12*d. Calculate the greatest common divisor of 18 and d.
18
Suppose 4*l - 40 + 10 = -m, -2*l + 12 = 2*m. What is the highest common divisor of 24 and l?
8
Let f(x) = 17*x - 2. Suppose -l - 15 = -16. Let n be f(l). Let o be 4/(-10) + 456/n. What is the highest common divisor of o and 10?
10
Let d = -149 - -289. Let c = -7838 - -7878. What is the highest common factor of d and c?
20
Let o(r) = -5*r - 25. Let l be o(-5). Let k be (0 - -31) + l/5 + 1. Calculate the greatest common factor of k and 256.
32
Let o be (0 + -1)*-1*13. Let r = 2703 - 2664. What is the highest common divisor of o and r?
13
Let r(h) = -h + h**2 + 2 - h - 2*h. Let d be r(4). Suppose d*l - 6 = 4*j, 3*j = -2*l + 4*j + 18. What is the greatest common factor of 33 and l?
11
Let v = -6 - -14. Suppose 0 = 5*o + 5*r - 40, 5*r = -30 + 10. Let d = 20 - o. Calculate the greatest common factor of d and v.
8
Let x = -285 + 309. Suppose 0 = 3*z - 8*z + 60. What is the highest common factor of z and x?
12
Let l(v) = 6*v - 3. Let t be l(3). Let d be -2*(-6)/(t/(-6) + 4). What is the greatest common divisor of 3 and d?
1
Let i(a) = 4*a - 2. Let z be i(7). Let h = -108 + 134. What is the greatest common factor of z and h?
26
Suppose 0 = -33*x + 28*x + 210. Calculate the greatest common divisor of x and 98.
14
Suppose 7*x - 3*a - 2975 = 3*x, a - 1475 = -2*x. What is the highest common divisor of x and 20?
20
Let b(q) = 2*q**2 - 21*q + 75. Let v be b(6). What is the highest common divisor of 112 and v?
7
Suppose -3*r - 12 = w, 5*w = -2*r - 102 + 29. Let i = 35 + w. Suppose 3*g + i + 35 = 4*s, -2*g = s - 22. Calculate the highest common factor of 40 and s.
8
Let d(w) = 3*w**3 - 12*w**2 - 20*w + 25. Let q be d(6). Let p be 2 - (1 + -2)*9. What is the highest common divisor of q and p?
11
Suppose 4*f - 24*g = -27*g + 425, 4*f + 5*g = 415. What is the highest common factor of f and 4510?
110
Let f = 783 - 243. What is the greatest common divisor of 20 and f?
20
Let x = -13 - -14. Suppose x = s - 3*l, 4*l + 8 = 3*s - 10. Suppose 4*h - 70 = -3*k + 6*k, -3*k + s = h. Calculate the highest common divisor of h and 40.
8
Let m(h) = -6*h - 105. Let c be m(-23). Calculate the highest common divisor of 3 and c.
3
Suppose 0 = 4*i - 150 - 30. Suppose 0*p - 2*p = -8. Suppose p*y + 4*u - 41 = 5*u, 5*u = -25. Calculate the highest common factor of i and y.
9
Let g be 42/(-70) - (-258)/5. What is the highest common divisor of 85 and g?
17
Let d be (2 + (-2 - -1))*1. Let u(b) = 2*b. Let p be u(d). Let w be (-17)/(-2) + 36/(-24)*-1. What is the highest common factor of w and p?
2
Suppose 0 = -5*j + 3*j. Suppose -15 = -j*v - 3*v. Suppose 3*l + 217 = 5*x - 268, v*x - l - 495 = 0. What is the greatest common divisor of 40 and x?
20
Let l(h) be the first derivative of 8*h**2 - 9. Let z be l(1). What is the highest common divisor of 4 and z?
4
Suppose 0 = 5*s - 5*p - 65, 3*p + 4 = s - 15. Let u = 4 + -2. Suppose -u*g = -7*g + 550. Calculate the greatest common divisor of s and g.
10
Suppose -5*l + 72 = -3*v + 169, -39 = -v + 3*l. Suppose 1424 = 85*r - 616. What is the highest common divisor of r and v?
24
Let i be ((-76)/10)/(4 + 84/(-20)). What is the highest common factor of i and 76?
38
Let d = 1587 + -1583. Calculate the greatest common factor of 62 and d.
2
Suppose 7*z - z = -72. Let t be 4/((3/(-10))/(18/z)). What is the highest common factor of 160 and t?
20
Let g(m) = 4*m**2 - 15*m - 99. Let c be g(-10). What is the greatest common divisor of 11 and c?
11
Let i(z) = -z**3 - 4*z**2 + 6*z + 10. Let h be i(-5). Suppose -27 - 59 = -5*j - m, -h*m - 12 = -j. What is the greatest common factor of 85 and j?
17
Let r(t) = 9*t + 34. Let f be r(9). Suppose 0 = -3*b - 5*g + 119, -3*b + f = -g + 5*g. What is the greatest common factor of b and 22?
11
Let z be (6/(-24))/(2/(-8)) + 1. Suppose 5*c = z*n - 545, -4*n + 3*c + 551 = -2*n. What is the highest comm